)*4/(-3). What is the units digit of f*-3*1/(-3)?
2
Suppose -2*s - 3*s - 12 = o, 3*o - 2*s = 49. What is the units digit of o?
3
Let f be (6/8)/((-1)/(-4)). Let n = -1 - -3. What is the units digit of n/(-3)*f/(-2)?
1
Suppose -4*q = q - 70. What is the units digit of q?
4
What is the units digit of 9/(-2)*32/(-3)?
8
Let t(c) = 7*c**2 + 4*c - 10. Let r be t(-7). What is the tens digit of r/10 - 3/(-2)?
3
Suppose -8*i = -16*i + 1496. What is the tens digit of i?
8
What is the tens digit of -310*10/(-25)*1?
2
Suppose 0 = -4*d - d + 20. Let u be (d - 1)*(-44)/12. Let n = u + 17. What is the units digit of n?
6
Let z(t) = 6*t**2 + 9 - 7*t**2 - t**3 + 0*t**3 + t. What is the units digit of z(0)?
9
Let n(r) = -r**3 - 5*r**2 + 6*r - 5. Let v be n(-6). Let k(g) = g + 1. Let b(w) = -4*w - 14. Let i(s) = -b(s) - 3*k(s). What is the units digit of i(v)?
6
Suppose -4*h + 3 = -5. Suppose t = -h*c + 2*t + 13, -c - 4 = 3*t. Suppose -4*o - 5*f - 1 + 9 = 0, -c*f - 48 = -4*o. What is the units digit of o?
7
Let v(g) = g - 2. What is the tens digit of v(13)?
1
Let d(i) = 2*i**2 + 3*i - 4. What is the units digit of d(3)?
3
Let x = 156 - 85. What is the units digit of x?
1
Let y = 167 - 107. What is the tens digit of y?
6
Let y(b) = 3*b + 3. Let k be y(5). Suppose -2*h + 5 = t - k, -3*h = -4*t - 40. What is the units digit of h?
2
Let z(p) = -6*p**3 - 2*p**2 + 1. Let r be z(-1). Suppose s - 4*a = 13, -3*a + 4*a - 170 = -r*s. What is the tens digit of s?
3
Suppose k = -0*k - 2*g + 53, -5*g + 157 = 3*k. What is the units digit of k?
9
Let j = -65 + 258. What is the hundreds digit of j?
1
Let t(c) = c**2 + 2*c - 1. What is the units digit of t(-5)?
4
What is the tens digit of (-4)/(-14) - (-10341)/189?
5
Let o = 4 - -2. Let z be 50/6 + 4/o. What is the units digit of ((-2)/(-3))/(6/z)?
1
Let a be 36/(-1)*2/(-4). Suppose 5*h - 22 - a = 0. What is the units digit of h?
8
Suppose -x + 0 = -75. What is the units digit of x?
5
Let m(w) = -4*w**2 + 1. Let r be 2 - (2/2 + 0). Let h be m(r). What is the units digit of 3 - (3 + h)/3?
3
Let s(a) = 5*a**3 + a**2 + a + 1. Let y be s(-1). Let f be (15/1)/((-6)/y). What is the units digit of (-12)/(-10)*25/f?
3
Let w be (-6)/(-4*(-3)/(-6)). What is the units digit of (7/w)/(1/6)?
4
Suppose -w + 4*m - 20 = -6, 2 = -4*w - 2*m. What is the units digit of (-3)/(w - (-1)/2)?
2
Let t(a) = -4*a**3 - a**2. What is the units digit of t(-2)?
8
Let a be 38/8 + 3/12. Suppose 0*v + v = a. What is the units digit of v?
5
Suppose 0 = 2*z + 3*k + 58, 3*z = -3*k - 7 - 80. Let q = -19 - z. What is the units digit of q?
0
Let p(j) = j**3 + j. Let s be p(-1). Let a be -2 - (-1 - -1) - 1. Let g = s - a. What is the units digit of g?
1
Let o be 344/6 + (-8)/24. Let x = 27 + o. Suppose x = 4*h - 4*k, -5*h + k + 85 = -0*k. What is the tens digit of h?
1
Suppose -3*u + 6*u = 3*f - 45, 4*f - 3*u - 58 = 0. What is the tens digit of f?
1
Suppose -4*v = 5*h - 12, 9 = 2*h + 2*v + v. Suppose 6 = 3*p - f, f + 0*f = h. Suppose -p*d = -22 - 2. What is the tens digit of d?
1
Suppose 0 = -i + 3. Let z = 0 + i. What is the units digit of z?
3
Let t be (-30)/(-4)*(-2)/(-3). Suppose -t*k - 23 = -123. Suppose -2*l - 2*l + k = 0. What is the units digit of l?
5
What is the units digit of (2 + 1)/(((-6)/(-69))/2)?
9
Suppose -12 = 3*w + b, 4*w - 7*w + 5*b = -6. Let s be (4 - 3)/((-1)/w). Suppose 1 - 10 = -s*l, l - 7 = -c. What is the units digit of c?
4
Suppose -7*o + 140 = -4*o + 4*g, 4*o - 155 = g. What is the units digit of o?
0
Suppose 4*r - 2*r = 0. Suppose -3*o + 12 + 3 = r. What is the units digit of (-30)/3*(-2)/o?
4
Suppose 0*p - 440 = -4*h + 4*p, -5*p + 234 = 2*h. What is the tens digit of h?
1
What is the tens digit of (294/8)/(54/144)?
9
Suppose 0 = -4*v - 3*h - 66, -h + 2 = -0*h. What is the units digit of (17 + v)/(2/(-90))?
5
Suppose 0 = 8*q - 112 - 96. Let i(w) = -3*w**2 + 4*w - 3. Let p be i(3). Let f = p + q. What is the units digit of f?
8
Suppose 0 = q - 2*o + 4, -3*q = -4*o - 1 + 7. Suppose 0 = -q*p - s + 8, 3*s = -3 - 3. Suppose p*g + 1 = -2*m - 10, 0 = -3*m - 2*g. What is the units digit of m?
2
Let a(c) = 10*c - 42. What is the units digit of a(20)?
8
Let v be (1/(-3))/((-5)/75). Suppose y + 5*z - 5 = -0*z, v*z = -4*y + 5. Suppose 15 = 5*d - y*d. What is the units digit of d?
3
Let c be (-1)/4 + (-84)/(-16). Let s = 7 + -12. What is the units digit of s*1/(c/(-8))?
8
Let j(a) = -a - 29. Let p be j(0). Let t = p + 61. What is the tens digit of t?
3
Let j be (-1)/((-7)/2 - -3). Suppose 0 = j*r + 2*r - 112. What is the units digit of r?
8
Let w(x) = -2 + 5*x - 2 - 9*x. What is the units digit of w(-3)?
8
Let b = -121 - 19. Let n = -91 - b. What is the tens digit of n?
4
Let f(w) = 73*w**2 + 3*w - 2. What is the units digit of f(1)?
4
Let w = 5 - 2. Suppose -w*x + 4 = -17. What is the units digit of x?
7
Suppose -70 = -4*s + 62. What is the units digit of s?
3
Suppose 2*n - 5*n + 93 = 0. What is the units digit of n?
1
Suppose -35 = -2*h - g, 3*h - 5*g + 3 - 88 = 0. Suppose 3*o + o = h. What is the units digit of o?
5
Let g(v) be the third derivative of -v**6/120 - v**5/30 - v**4/12 + v**3/3 + 4*v**2. Let i be g(-3). Suppose -2*p - 1 + i = 0. What is the units digit of p?
8
Let f(l) = -l**2 - 9*l + 1. What is the tens digit of f(-7)?
1
Let v be 1*10*2/4. Let b(c) = -3*c + 3. Let g be b(v). Let s = -7 - g. What is the units digit of s?
5
Suppose -4*s - 5*n = -145, 3*s - 6*s + 2*n + 103 = 0. Let m = s - -18. What is the units digit of m?
3
Let g = 4 + -1. Let c be g/3*13/1. Suppose 2*z - 4*a = -z + 36, -2*z + c = a. What is the units digit of z?
8
Let i = 47 + -15. What is the units digit of i?
2
Suppose 4*k = -3*k + 882. What is the tens digit of k?
2
Suppose -2*c + 2*x + 104 = -2*x, -3*x = 5*c - 325. Suppose o + c = 5*g, g + o - 5*o - 1 = 0. What is the units digit of g?
3
Let q = -121 - -22. Let b = -70 - q. What is the units digit of b?
9
Suppose 4*m - 2*r = 48, 3*m - 3*r - 8 = 34. Suppose 0*q - m = -2*q. What is the tens digit of (-1)/q - 66/(-5)?
1
Let p be 5/25 + 48/10. Suppose -4*d - d - 5*h = -75, -d + 9 = -p*h. What is the units digit of d?
4
Suppose 230 = 5*x - 330. Suppose 4*j - x = -3*z + 28, z - 51 = 3*j. What is the units digit of z?
8
Let m(y) = -y**3 + 8*y**2 + 8*y + 5. Let f be m(9). Let x = 6 + f. What is the units digit of x?
2
Let o(g) = g**2 + g - 2. Let u be (-1)/(-1 - 6/(-9)). What is the units digit of o(u)?
0
Suppose -4*j - 3*t + 136 = 0, -4*j + 4*t - 68 = -6*j. What is the units digit of j?
4
Let o(q) = 1 + 0*q + 3*q - 10. Suppose 2*f = -i, -2*f - 24 = -5*i + 2*i. What is the units digit of o(i)?
9
Let x be -65*(2 + (-36)/15). Suppose -2*t + 4*r + 8 = 0, -3*t + t - 5*r = -x. What is the units digit of t?
8
Suppose 4*h = 2*h + 100. What is the tens digit of h?
5
Let a(q) = -2*q + 3 - 1 - 1 + 0*q. Let d be a(-1). Suppose 4*v - n = 49, 15 = -4*v + d*n + 66. What is the tens digit of v?
1
Suppose -3*v + 6*v - 243 = 0. What is the tens digit of v?
8
Let i(u) = -8*u + 4. Let s be i(-4). Suppose s = l + 3*l. What is the units digit of l?
9
Let b be (1 - 1 - -1) + 5. Let i(u) = -2*u - 5. Let x be i(b). Let r = x + 26. What is the units digit of r?
9
Suppose 2*s - 3*s + v - 3 = 0, 4*s + 7 = 3*v. What is the units digit of (-54)/s*14/(-21)?
8
Let s(o) = -o**2 + o + 2. Let q be s(-3). Let a be -1*3*((-19)/(-3) - 5). Let u = a - q. What is the units digit of u?
6
Let z = 87 - 21. What is the tens digit of z?
6
Let l(s) = 2*s + s + 2*s + 2. Suppose -3*w = b + 2*b - 9, 0 = 5*w. What is the units digit of l(b)?
7
Suppose 3*w + 13 = 4*g, 0 = g + g + 2*w - 10. What is the units digit of g?
4
Let i(m) = m**3 + 7*m**2 + m + 8. Let k be -6 + (-1 - (1 + -1)). Let g be i(k). Let x = g - -3. What is the units digit of x?
4
Let d = -6 - -26. Suppose 2*x + 5*l = 55, -4*x = -7*x + 5*l + d. What is the units digit of (2 - 12)*(-6)/x?
4
Let i(f) = f**3 + 7*f**2 + 8*f + 4. Let b be i(-6). Let m(a) = -2*a + 3. Let j(z) = 5*z - 9. Let h(n) = 3*j(n) + 8*m(n). What is the units digit of h(b)?
5
Let t(k) = 31*k - 17. What is the tens digit of t(3)?
7
Suppose -4*i + 23 + 37 = 0. What is the units digit of i?
5
Suppose 0*d + 4*d = 16. Let v be d/5 - (-2)/10. Let h = 2 - v. What is the units digit of h?
1
Let v(l) = -l**2 + 4*l - 1. Let z be v(3). What is the 